or of 504 and 22068256?
56
What is the highest common divisor of 1141 and 2809957?
163
What is the greatest common factor of 28622462 and 44?
22
Calculate the greatest common factor of 6177 and 1857073.
29
Calculate the highest common divisor of 1016 and 241107722.
254
What is the highest common divisor of 106995 and 21069863?
1019
What is the highest common factor of 731 and 678776?
17
What is the highest common factor of 7908 and 46770?
6
What is the greatest common factor of 446885 and 20155?
695
What is the highest common factor of 612 and 63440379?
153
What is the highest common factor of 2471 and 453994359?
2471
What is the greatest common divisor of 229487369 and 17?
17
Calculate the highest common divisor of 15566 and 753684.
362
Calculate the highest common divisor of 38 and 43365818.
2
Calculate the highest common divisor of 4643098 and 114025.
4561
What is the greatest common divisor of 83 and 8904157?
83
What is the highest common divisor of 5380 and 78540?
20
What is the highest common divisor of 4806900 and 93740?
2180
What is the highest common factor of 498536 and 27064088?
4936
What is the highest common divisor of 1456 and 783601?
91
What is the highest common factor of 2034 and 35634324?
678
What is the greatest common divisor of 8799241 and 7813?
601
What is the highest common divisor of 111568 and 30241901?
6973
Calculate the greatest common divisor of 108770985 and 1395.
45
What is the highest common divisor of 70 and 9342676?
14
What is the highest common factor of 1441528140 and 43290?
14430
What is the highest common factor of 2905 and 1139590?
415
What is the greatest common factor of 50937309 and 148428?
5301
What is the greatest common divisor of 231 and 3014847?
33
What is the greatest common factor of 9054128 and 5536?
2768
Calculate the highest common divisor of 172 and 28274650.
86
Calculate the highest common divisor of 2307 and 682151447.
769
What is the greatest common divisor of 26125 and 2695?
55
What is the highest common factor of 130761306 and 117?
117
Calculate the highest common factor of 8304290 and 85.
5
What is the highest common factor of 21 and 77259518?
7
What is the highest common factor of 1416432 and 20976?
1104
What is the greatest common factor of 4511472 and 4060?
812
What is the greatest common divisor of 15351606 and 5892?
2946
Calculate the highest common factor of 1518 and 2466519.
33
What is the highest common divisor of 4814447 and 77?
11
Calculate the highest common divisor of 6774090 and 435552.
2094
What is the greatest common divisor of 6160 and 31749520?
880
What is the greatest common factor of 3178279 and 91?
13
Calculate the greatest common divisor of 2944855 and 1720.
215
What is the highest common factor of 220775 and 82004666?
8831
Calculate the greatest common factor of 13339124 and 6128.
1532
Calculate the highest common factor of 2324603 and 319690.
4567
What is the highest common divisor of 110 and 192490870?
110
What is the highest common factor of 16788 and 92804?
4
Calculate the highest common factor of 32086 and 10354573.
263
What is the highest common divisor of 1932 and 4397416?
92
What is the highest common factor of 5590 and 5787886?
1118
Calculate the highest common divisor of 1806 and 2964257331.
903
Calculate the highest common factor of 17355 and 1030926.
39
Calculate the highest common factor of 1894217 and 2938.
13
Calculate the highest common factor of 649828434 and 4182.
4182
Calculate the greatest common factor of 45630 and 8275878.
702
Calculate the greatest common divisor of 1911576 and 598.
46
Calculate the highest common divisor of 5203812 and 12.
12
Calculate the greatest common divisor of 17226 and 108603.
99
Calculate the greatest common divisor of 4507393816 and 344.
344
What is the highest common divisor of 1457 and 7151?
1
Calculate the greatest common factor of 56325 and 16203576.
2253
What is the highest common factor of 10895300 and 4100?
100
Calculate the greatest common factor of 3240 and 35912.
8
What is the greatest common factor of 95331 and 27219?
129
Calculate the highest common factor of 8337063 and 17507.
287
Calculate the highest common factor of 3390801 and 3.
3
What is the highest common factor of 264 and 558074528?
88
What is the greatest common divisor of 49629 and 119067?
213
What is the greatest common factor of 18505 and 908939693?
3701
What is the greatest common factor of 1236 and 3183756?
12
Calculate the greatest common divisor of 2916945 and 1881080.
6355
What is the highest common divisor of 4535760 and 77040?
240
What is the highest common divisor of 111344 and 1664?
16
What is the highest common divisor of 26735760 and 72?
72
What is the greatest common factor of 82678 and 380689?
617
What is the highest common divisor of 16736529 and 4728?
591
What is the greatest common factor of 138 and 156692445?
69
What is the greatest common factor of 141939 and 1323?
189
What is the highest common factor of 89 and 32346783?
89
Calculate the greatest common factor of 34003025 and 25.
25
Calculate the greatest common factor of 24 and 737203.
1
What is the greatest common divisor of 488 and 3390232?
8
Calculate the highest common factor of 140 and 12379381.
7
What is the greatest common divisor of 909 and 394359?
3
Calculate the highest common factor of 6167857 and 94.
47
Calculate the greatest common factor of 122797368 and 42688.
5336
Calculate the greatest common factor of 4960631 and 180011.
2951
Calculate the greatest common divisor of 5502 and 19303767.
2751
Calculate the highest common divisor of 728648876 and 212.
212
What is the highest common factor of 45 and 4609335?
15
Calculate the greatest common factor of 140 and 362940865.
35
Calculate the highest common divisor of 11492 and 6843148.
676
What is the highest common factor of 195 and 1459230?
15
What is the greatest common factor of 703 and 1017659?
19
Calculate the greatest common divisor of 568626105 and 15.
15
Calculate the highest common divisor of 183887 and 1777988.
73
What is the highest common divisor of 403715712 and 96?
96
Calculate the greatest common factor of 756 and 62140068.
108
Calculate the highest common factor of 1523051 and 6728.
841
What is the highest common divisor of 1809 and 1239387507?
1809
What is the greatest common factor of 47418914 and 842?
842
Calculate the highest common factor of 80 and 72677200.
80
Calculate the greatest common factor of 398500 and 53500.
500
Calculate the greatest common factor of 6234 and 284514565.
1039
Calculate the greatest common divisor of 18790 and 29230.
10
What is the highest common divisor of 2884296 and 32?
8
What is the greatest common factor of 3972590 and 160?
10
Calculate the highest common factor of 9999625 and 125.
125
Calculate the highest common divisor of 614089 and 1036.
259
What is the greatest common divisor of 865588 and 64?
4
Calculate the greatest common factor of 485445050 and 50.
50
What is the highest common factor of 1223140 and 184?
92
Calculate the greatest common factor of 2459226 and 462.
462
What is the highest common factor of 9828864 and 21488?
1264
Calculate the greatest common divisor of 312478 and 1334.
46
What is the highest common factor of 767 and 1069?
1
Calculate the greatest common divisor of 671112 and 3159.
351
What is the greatest common divisor of 518744 and 6100?
244
What is the highest common divisor of 10427937 and 78?
39
What is the highest common factor of 245033294 and 44?
22
What is the highest common factor of 274417 and 50787?
209
What is the highest common factor of 228 and 47568036?
12
Calculate the greatest common divisor of 706560 and 115230.
690
What is the greatest common divisor of 1756086 and 18?
6
What is the highest common factor of 63920 and 5801760?
1360
Calculate the highest common factor of 7315561 and 253.
11
What is the greatest common factor of 7392 and 5325408?
1056
What is the highest common factor of 819980 and 76?
4
Calculate the greatest common factor of 234 and 2134106.
26
Calculate the greatest common divisor of 28 and 201848.
4
What is the greatest common divisor of 4512 and 2954136?
24
What is the highest common factor of 21839640 and 80?
40
Calculate the greatest common factor of 1961 and 824362.
53
Calculate the greatest c